{"id":384,"date":"2021-02-13T03:16:11","date_gmt":"2021-02-13T06:16:11","guid":{"rendered":"https:\/\/scum.com.ar\/v3\/?page_id=384"},"modified":"2021-03-16T21:53:36","modified_gmt":"2021-03-17T00:53:36","slug":"caracteristicas","status":"publish","type":"page","link":"https:\/\/scum.com.ar\/v3\/es\/caracteristicas\/","title":{"rendered":"CARACTER\u00cdSTICAS"},"content":{"rendered":"<ul class=\"wp-block-latest-posts__list has-dates has-author wp-block-latest-posts\"><li><a href=\"https:\/\/scum.com.ar\/v3\/es\/2021\/05\/02\/alertas-de-raid\/\">ALERTAS DE RAID<\/a><div class=\"wp-block-latest-posts__post-author\">por [ADM] SmallTalk<\/div><time datetime=\"2021-05-02T02:36:27-03:00\" class=\"wp-block-latest-posts__post-date\">2 de mayo de 2021<\/time><div class=\"wp-block-latest-posts__post-full-content\"><!-- wp:paragraph -->\n<p>Por cada muerte con explosivos colocados por tu escuadr\u00f3n recibir\u00e1s un mensaje privado en discord con el nombre de la v\u00edctima y el lugar de su muerte. Esta es una funci\u00f3n de desarrollo propio, \u00fanica en los servidores scum. Para activarla, debes asociar tu cuenta de discord en <a rel=\"noreferrer noopener\" href=\"https:\/\/scum.com.ar\/panel\/account-info\" target=\"_blank\">https:\/\/scum.com.ar\/panel\/account-info<\/a>. Tambi\u00e9n recomendamos instalar la aplicaci\u00f3n de discord para recibir estos mensajes en tu tel\u00e9fono celular.<\/p>\n<!-- \/wp:paragraph --><\/div><\/li>\n<li><a href=\"https:\/\/scum.com.ar\/v3\/es\/2021\/01\/01\/mercado-del-bot\/\">MERCADO DEL BOT<\/a><div class=\"wp-block-latest-posts__post-author\">por [ADM] SmallTalk<\/div><time datetime=\"2021-01-01T22:11:00-03:00\" class=\"wp-block-latest-posts__post-date\">1 de enero de 2021<\/time><div class=\"wp-block-latest-posts__post-full-content\"><!-- wp:paragraph -->\n<p>Ofrecemos un sistema de venta de items a cambio de coins virtuales a trav\u00e9s de nuestra p\u00e1gina web en <a href=\"https:\/\/scum.com.ar\/panel\/market-shop\">https:\/\/scum.com.ar\/panel\/market-shop<\/a>. En este mercado podr\u00e1n encontrar tanto items individuales como packs, sin embargo, no vendemos armas, explosivos ni elementos de raideo. <\/p>\n<!-- \/wp:paragraph -->\n\n<!-- wp:paragraph -->\n<p>Una vez adquirido el item deben acceder a <a href=\"https:\/\/scum.com.ar\/panel\/market-delivery\">https:\/\/scum.com.ar\/panel\/market-delivery<\/a> para recibir el pedido dentro del juego a trav\u00e9s de nuestro bot.<\/p>\n<!-- \/wp:paragraph -->\n\n<!-- wp:paragraph -->\n<p>Tengan en cuenta que el mercado est\u00e1 regulado por un sistema de stock, por lo que la cantidad de \u00edtems en venta no es ilimitado, el mismo ser\u00e1 actualizado seg\u00fan la oferta y demanda.<\/p>\n<!-- \/wp:paragraph --><\/div><\/li>\n<li><a href=\"https:\/\/scum.com.ar\/v3\/es\/2021\/01\/01\/pack-de-bienvenida\/\">PACK DE BIENVENIDA<\/a><div class=\"wp-block-latest-posts__post-author\">por [ADM] SmallTalk<\/div><time datetime=\"2021-01-01T21:42:00-03:00\" class=\"wp-block-latest-posts__post-date\">1 de enero de 2021<\/time><div class=\"wp-block-latest-posts__post-full-content\"><!-- wp:paragraph -->\n<p>Ofrecemos un pack de bienvenida para los jugadores nuevos del servidor. El mismo se adquiere desde <a href=\"https:\/\/scum.com.ar\/welcomepack\">https:\/\/scum.com.ar\/welcomepack<\/a>. Una vez adquirido deben acceder a <a href=\"https:\/\/scum.com.ar\/panel\/market-delivery\">https:\/\/scum.com.ar\/panel\/market-delivery<\/a> para recibir el pedido dentro del juego.<\/p>\n<!-- \/wp:paragraph --><\/div><\/li>\n<li><a href=\"https:\/\/scum.com.ar\/v3\/es\/2020\/12\/14\/pagos-por-logins\/\">PAGOS POR LOGINS<\/a><div class=\"wp-block-latest-posts__post-author\">por [ADM] SmallTalk<\/div><time datetime=\"2020-12-14T03:13:00-03:00\" class=\"wp-block-latest-posts__post-date\">14 de diciembre de 2020<\/time><div class=\"wp-block-latest-posts__post-full-content\"><!-- wp:paragraph -->\n<p>Es una manera que tiene cualquier jugador de ganar coins para utilizar en el <a href=\"https:\/\/scum.com.ar\/panel\/market-shop\">mercado<\/a>. Por cada dia que el jugador acceda al servidor el sistema asignar\u00e1 50 coins. Si el jugador mantiene la racha durante cinco d\u00edas el monto se incrementar\u00e1 a 100 coins por d\u00eda.<\/p>\n<!-- \/wp:paragraph -->\n\n<!-- wp:paragraph -->\n<p>La tabla de pagos es de la siguiente manera:<\/p>\n<!-- \/wp:paragraph -->\n\n<!-- wp:table {\"align\":\"center\"} -->\n<figure class=\"wp-block-table aligncenter\"><table><tbody><tr><td>Menos de 5 d\u00edas de racha<\/td><td>50 coins por dia<\/td><\/tr><tr><td>5 dias de racha (o m\u00e1s)<\/td><td>100 coins por dia<\/td><\/tr><\/tbody><\/table><figcaption>Tabla de pagos por conexi\u00f3n<\/figcaption><\/figure>\n<!-- \/wp:table -->\n\n<!-- wp:paragraph -->\n<p>Esto te asegura unos 2550 coins el primer mes y 2800 los meses siguientes. Siempre y cuando se mantenga la racha.<\/p>\n<!-- \/wp:paragraph --><\/div><\/li>\n<li><a href=\"https:\/\/scum.com.ar\/v3\/es\/2021\/03\/21\/sistema-de-rating\/\">SISTEMA DE RATING<\/a><div class=\"wp-block-latest-posts__post-author\">por [ADM] SmallTalk<\/div><time datetime=\"2021-03-21T02:27:23-03:00\" class=\"wp-block-latest-posts__post-date\">21 de marzo de 2021<\/time><div class=\"wp-block-latest-posts__post-full-content\"><!-- wp:paragraph -->\n<p>\u00c9sta es una nueva mec\u00e1nica que incorporamos para el servidor. Por cada d\u00eda que inicie sesi\u00f3n, se le asignar\u00e1n 10 puntos de rating m\u00e1s una cantidad equivalente a los d\u00edas de racha por conexi\u00f3n que tenga. Los dias de racha se pueden encontrar en el <a href=\"https:\/\/scum.com.ar\/panel\/account-info\">panel de usuario<\/a>.<\/p>\n<!-- \/wp:paragraph -->\n\n<!-- wp:paragraph -->\n<p>Si eliminas a un jugador, sin usar trampas ni explosivos, se te transferir\u00e1 el 20% de los puntos de rating que tenga tu victima.<\/p>\n<!-- \/wp:paragraph -->\n\n<!-- wp:paragraph -->\n<p>Los 10 jugadores que se encuentren en el <a href=\"https:\/\/scum.com.ar\/v3\/es\/clasificacion\/\" data-type=\"page\" data-id=\"48\">top 10 de jugadores con mas rating<\/a> tendr\u00e1n acceso a packs unicos y de descuento del mercado.<\/p>\n<!-- \/wp:paragraph -->\n\n<!-- wp:paragraph -->\n<p>Los puntos de rating se reiniciar\u00e1n el d\u00eda 1 de cada mes. <\/p>\n<!-- \/wp:paragraph --><\/div><\/li>\n<li><a href=\"https:\/\/scum.com.ar\/v3\/es\/2021\/01\/25\/tags-para-squads\/\">TAGS PARA SQUADS<\/a><div class=\"wp-block-latest-posts__post-author\">por [ADM] SmallTalk<\/div><time datetime=\"2021-01-25T05:06:00-03:00\" class=\"wp-block-latest-posts__post-date\">25 de enero de 2021<\/time><div class=\"wp-block-latest-posts__post-full-content\"><!-- wp:paragraph -->\n<p>Consiste en una etiqueta de hasta 4 caracteres que llevar\u00e1 delante del nombre cada miembro del escuadr\u00f3n. De esta manera todos los miembros del equipo estar\u00e1n identificados en el killfeed y en los rankings. La ventaja de esto es que al cambiar de equipo no har\u00e1 falta crear un personaje nuevo con otro nombre.<\/p>\n<!-- \/wp:paragraph -->\n\n<!-- wp:paragraph -->\n<p>Los tags pueden ser creados, modificados o eliminados unicamente por el lider del escuadr\u00f3n desde el <a rel=\"noreferrer noopener\" href=\"https:\/\/scum.com.ar\/panel\/account-squad\" target=\"_blank\">panel de usuario<\/a><\/p>\n<!-- \/wp:paragraph --><\/div><\/li>\n<li><a href=\"https:\/\/scum.com.ar\/v3\/es\/2020\/12\/15\/wipe-de-vehiculos\/\">WIPE DE VEHICULOS<\/a><div class=\"wp-block-latest-posts__post-author\">por [ADM] SmallTalk<\/div><time datetime=\"2020-12-15T05:27:00-03:00\" class=\"wp-block-latest-posts__post-date\">15 de diciembre de 2020<\/time><div class=\"wp-block-latest-posts__post-full-content\"><!-- wp:paragraph -->\n<p>El wipe (borrado) de veh\u00edculos lo realizar\u00e1 nuestro bot el d\u00eda 1 de cada mes a las 19:55 (GMT -3) y el respawn de los mismos a las 20:00 (GMT -3). Recuerden no comprar veh\u00edculos los ultimos d\u00edas del mes ya que los mismos no ser\u00e1n repuestos.<\/p>\n<!-- \/wp:paragraph --><\/div><\/li>\n<\/ul>","protected":false},"excerpt":{"rendered":"","protected":false},"author":1,"featured_media":0,"parent":0,"menu_order":0,"comment_status":"closed","ping_status":"closed","template":"","meta":[],"_links":{"self":[{"href":"https:\/\/scum.com.ar\/v3\/wp-json\/wp\/v2\/pages\/384"}],"collection":[{"href":"https:\/\/scum.com.ar\/v3\/wp-json\/wp\/v2\/pages"}],"about":[{"href":"https:\/\/scum.com.ar\/v3\/wp-json\/wp\/v2\/types\/page"}],"author":[{"embeddable":true,"href":"https:\/\/scum.com.ar\/v3\/wp-json\/wp\/v2\/users\/1"}],"replies":[{"embeddable":true,"href":"https:\/\/scum.com.ar\/v3\/wp-json\/wp\/v2\/comments?post=384"}],"version-history":[{"count":4,"href":"https:\/\/scum.com.ar\/v3\/wp-json\/wp\/v2\/pages\/384\/revisions"}],"predecessor-version":[{"id":1635,"href":"https:\/\/scum.com.ar\/v3\/wp-json\/wp\/v2\/pages\/384\/revisions\/1635"}],"wp:attachment":[{"href":"https:\/\/scum.com.ar\/v3\/wp-json\/wp\/v2\/media?parent=384"}],"curies":[{"name":"wp","href":"https:\/\/api.w.org\/{rel}","templated":true}]}}